Is 563250917 a composite number?
True
Is 56695909 composite?
False
Is 3166067 prime?
True
Is 8767 prime?
False
Is 62681 prime?
False
Is 311653 prime?
True
Is 14869277 prime?
False
Is 62099207 a composite number?
False
Is 331013 composite?
False
Is 42157993 a composite number?
False
Is 219127981 prime?
True
Is 24195511 composite?
False
Is 1501385 prime?
False
Is 5200561 prime?
True
Is 1452437 prime?
False
Is 286886 prime?
False
Is 312043 composite?
False
Is 6413439 a composite number?
True
Is 9078043 a prime number?
False
Is 2400731 a composite number?
True
Is 648101 prime?
True
Is 52096929 a composite number?
True
Is 5226751 a prime number?
False
Is 177247 prime?
False
Is 6505417 a composite number?
True
Is 451793414 composite?
True
Is 57280061 a prime number?
True
Is 21068707 a composite number?
True
Is 5447963 composite?
False
Is 10471801 a prime number?
True
Is 8200007 a composite number?
False
Is 26197451 a prime number?
False
Is 1739586653 a composite number?
True
Is 52923901 composite?
False
Is 126207427 prime?
False
Is 83173249 prime?
True
Is 26690021 composite?
False
Is 5772227 a composite number?
False
Is 508213 prime?
True
Is 78506581 a prime number?
True
Is 220888099 a prime number?
False
Is 1273637 a prime number?
True
Is 152055061 a composite number?
False
Is 281239363 a composite number?
True
Is 1559023 a prime number?
False
Is 11706239 a composite number?
True
Is 64797673 a composite number?
False
Is 4081867 prime?
True
Is 353317 prime?
True
Is 193191065 prime?
False
Is 5970227 a prime number?
True
Is 4362979 a composite number?
True
Is 5992807 a prime number?
False
Is 23896459 prime?
True
Is 59194393 a composite number?
False
Is 55283453 prime?
False
Is 4185343 a composite number?
False
Is 263881 prime?
True
Is 22390393 a prime number?
False
Is 10947565 a composite number?
True
Is 375421423 a prime number?
False
Is 2221699 composite?
False
Is 23295367 a composite number?
False
Is 10889891 composite?
False
Is 276960221 a composite number?
True
Is 469097 composite?
True
Is 819474193 a composite number?
False
Is 1617803 a composite number?
True
Is 16457179 a composite number?
False
Is 43093133 a prime number?
True
Is 44681519 composite?
False
Is 48131 prime?
True
Is 6554591 composite?
True
Is 13651723 a prime number?
False
Is 14072657 prime?
True
Is 33505499 composite?
False
Is 22001071 prime?
True
Is 10877429 a composite number?
True
Is 71047357 prime?
False
Is 45106301 a composite number?
False
Is 36091829 prime?
False
Is 2317127 prime?
True
Is 245267509 a prime number?
False
Is 5135147 composite?
False
Is 183000553 composite?
False
Is 10813903 a composite number?
True
Is 74506897 prime?
False
Is 12144893 a prime number?
True
Is 1416982027 composite?
False
Is 2385404705 composite?
True
Is 14369999 composite?
True
Is 75343407 a composite number?
True
Is 3057451 prime?
True
Is 10676399 prime?
False
Is 14134511 composite?
False
Is 33601261 composite?
False
Is 1319851 a prime number?
False
Is 31434503 a prime number?
True
Is 701626223 prime?
True
Is 25519979 a composite number?
True
Is 35431861 a prime number?
False
Is 550811 a prime number?
True
Is 21026279 a composite number?
True
Is 10356503 a prime number?
True
Is 7358417 a prime number?
False
Is 25554869 prime?
False
Is 1586413 a composite number?
True
Is 7522271 a composite number?
True
Is 114736211 a composite number?
False
Is 102191237 composite?
True
Is 179685343 prime?
False
Is 126749657 a prime number?
True
Is 253132879 composite?
False
Is 86590207 composite?
True
Is 5372329 composite?
False
Is 242658214 composite?
True
Is 98558569 a prime number?
True
Is 448397 prime?
True
Is 69147437 a composite number?
False
Is 111109 a composite number?
False
Is 33225517 prime?
False
Is 4558865 prime?
False
Is 132846809 a composite number?
False
Is 2351099 a prime number?
True
Is 155507437 prime?
True
Is 4106951 a prime number?
False
Is 60802841 a prime number?
False
Is 418286186 a prime number?
False
Is 11040629 composite?
True
Is 180492733 a prime number?
False
Is 3107771 prime?
False
Is 23924227 composite?
False
Is 133618709 a prime number?
False
Is 31896439 a composite number?
False
Is 747599 composite?
False
Is 10016953 composite?
False
Is 2272717 composite?
True
Is 802031 a prime number?
True
Is 118840697 prime?
True
Is 18265777 a composite number?
True
Is 163331015 prime?
False
Is 1023257 a prime number?
True
Is 100148479 a prime number?
False
Is 266874427 a prime number?
True
Is 28284605 prime?
False
Is 242591 a composite number?
False
Is 27229591 prime?
False
Is 1302415 prime?
False
Is 39751513 a prime number?
False
Is 4912151 prime?
True
Is 3948661 a prime number?
False
Is 59604253 a prime number?
True
Is 17624357 composite?
False
Is 113653531 a prime number?
False
Is 46014841 composite?
False
Is 4776193 composite?
True
Is 378402017 a composite number?
True
Is 2578201 a composite number?
False
Is 2934719 prime?
False
Is 151103 a composite number?
True
Is 77645899 a composite number?
True
Is 493447749 prime?
False
Is 439301743 a composite number?
True
Is 70599527 a prime number?
True
Is 1139461 a prime number?
True
Is 1110041201 prime?
True
Is 57751003 composite?
True
Is 14954861 prime?
False
Is 115893191 a prime number?
True
Is 53642909 a composite number?
True
Is 10466257 a composite number?
True
Is 369845605 a prime number?
False
Is 112751383 composite?
True
Is 2582935 prime?
False
Is 145953011 a prime number?
False
Is 1354471 a composite number?
False
Is 143159 a composite number?
False
Is 1314924227 composite?
False
Is 2978971 a composite number?
True
Is 456091 a prime number?
True
Is 98224573 a composite number?
False
Is 1615609 a composite number?
True
Is 14032801 prime?
False
Is 848681 composite?
False
Is 9223394 prime?
False
Is 105198917 a prime number?
False
Is 2701177 a composite number?
False
Is 3205391 composite?
True
Is 10664705 a prime number?
False
Is 2047511 a prime number?
False
Is 1298359 a composite number?
True
Is 6810893 prime?
True
Is 4321207 a composite number?
True
Is 795009 prime?
False
Is 1086661 a composite number?
True
Is 30771019 a prime number?
False
Is 80365279 a composite number?
False
Is 6411659 composite?
True
Is 80396821 a prime number?
True
Is 9853121 composite?
False
Is 2011697 composite?
False
Is 4278931 prime?
True
Is 556287 a prime number?
False
Is 18187751 a composite number?
False
Is 7799971 prime?
True
Is 51419777 a prime number?
True
Is 1535795473 a prime number?
True
Is 17136167 composite?
False
Is 5157701 prime?
False
Is 135931 prime?
False
Is 11770831 a prime number?
False
Is 300171361 composite?
True
Is 146536199 prime?
False
Is 18265543 a composite number?
False
Is 589579 prime?
True
Is 1182263 a composite number?
True
Is 527902315 prime?
False
Is 192184937 a prime number?
False
Is 811219 a composite number?
True
Is 583579 a composite number?
True
Is 49817291 prime?
False
Is 343891 a prime number?
True
Is 82445159 composite?
False
Is 5003437 prime?
False
Is 4092871 a prime number?
True
Is 5031787 composite?
True
Is 357281017 a prime number?
False
Is 415759 prime?
True
Is 1214117 composite?
False
Is 1462891 a composite number?
False
Is 352041449 a composite number?
True
Is 75037433 a prime number?
True
Is 3114149 composite?
True
Is 124783559 a composite number?
True
Is 348315037 a prime number?
False
Is 540489779 prime?
True
Is 10676657 prime?
True
Is 9937541 a composite number?
True
Is 7326737 prime?
False
Is 2120297 a prime number?
True
Is 1108466 a prime number?
False
Is 12215901 prime?
False
Is 37481269 prime?
False
Is 51052663 a composite number?
True
Is 3148241 a prime number?
False
Is 443599 a composite number?
True
Is 21022411 prime?
True
Is 18540859 a composite number?
True
Is 24295918 prime?
False
Is 658336621 a composite number?
False
Is 8890919 a prime number?
True
Is 1584343 a prime number?
True
Is 748589 composite?
False
Is 72303863 a composite number?
False
Is 102318701 a prime number?
True
Is 408745927 a composite number?
False
Is 790337 composite?
True
Is 207632933 composite?
True
Is 302459 composite?
False
Is 1683397 composite?
False
Is 145033697 composite?
True
Is 349053113 prime?
False
Is 22750601 a composite number?
True
Is 1529391 a composite number?
True
Is 1212247 a composite number?
True
Is 3445589